the thousands digit of 17069?
7
What is the hundreds digit of 4321?
3
What is the tens digit of 17861?
6
What is the thousands digit of 3449?
3
What is the hundreds digit of 1580?
5
What is the units digit of 2582?
2
What is the tens digit of 51079?
7
What is the units digit of 90?
0
What is the tens digit of 5884?
8
What is the tens digit of 3508?
0
What is the tens digit of 174981?
8
What is the tens digit of 1027?
2
What is the hundreds digit of 752?
7
What is the hundreds digit of 72205?
2
What is the thousands digit of 75139?
5
What is the ten thousands digit of 23927?
2
What is the hundreds digit of 91507?
5
What is the ten thousands digit of 16770?
1
What is the units digit of 177?
7
What is the ten thousands digit of 10657?
1
What is the hundreds digit of 48796?
7
What is the ten thousands digit of 135684?
3
What is the hundreds digit of 1078?
0
What is the units digit of 70975?
5
What is the tens digit of 86236?
3
What is the thousands digit of 4227?
4
What is the hundreds digit of 2037?
0
What is the hundreds digit of 3455?
4
What is the units digit of 799?
9
What is the tens digit of 47?
4
What is the tens digit of 1381?
8
What is the tens digit of 29759?
5
What is the thousands digit of 166787?
6
What is the tens digit of 3568?
6
What is the tens digit of 771?
7
What is the thousands digit of 13700?
3
What is the units digit of 520?
0
What is the hundreds digit of 757?
7
What is the thousands digit of 6568?
6
What is the units digit of 864?
4
What is the thousands digit of 1619?
1
What is the units digit of 46181?
1
What is the units digit of 13?
3
What is the tens digit of 7475?
7
What is the tens digit of 8073?
7
What is the tens digit of 25375?
7
What is the units digit of 7185?
5
What is the thousands digit of 6331?
6
What is the thousands digit of 14674?
4
What is the thousands digit of 6062?
6
What is the hundred thousands digit of 155717?
1
What is the tens digit of 370?
7
What is the tens digit of 25446?
4
What is the tens digit of 3177?
7
What is the ten thousands digit of 135176?
3
What is the ten thousands digit of 176274?
7
What is the units digit of 66181?
1
What is the hundreds digit of 2229?
2
What is the tens digit of 607?
0
What is the tens digit of 4426?
2
What is the units digit of 12485?
5
What is the units digit of 6338?
8
What is the hundreds digit of 156131?
1
What is the tens digit of 81?
8
What is the tens digit of 32030?
3
What is the tens digit of 4160?
6
What is the ten thousands digit of 36957?
3
What is the hundreds digit of 720?
7
What is the tens digit of 812?
1
What is the hundreds digit of 1613?
6
What is the units digit of 11332?
2
What is the hundreds digit of 2654?
6
What is the units digit of 57522?
2
What is the hundreds digit of 3348?
3
What is the hundreds digit of 7186?
1
What is the units digit of 5868?
8
What is the tens digit of 971?
7
What is the thousands digit of 2499?
2
What is the hundreds digit of 3016?
0
What is the units digit of 383?
3
What is the units digit of 968?
8
What is the units digit of 599?
9
What is the units digit of 369?
9
What is the tens digit of 19926?
2
What is the tens digit of 779?
7
What is the tens digit of 1879?
7
What is the hundreds digit of 4458?
4
What is the thousands digit of 23797?
3
What is the thousands digit of 83929?
3
What is the units digit of 1253?
3
What is the units digit of 1114?
4
What is the tens digit of 17278?
7
What is the tens digit of 192?
9
What is the hundreds digit of 545?
5
What is the tens digit of 7530?
3
What is the tens digit of 44001?
0
What is the tens digit of 33015?
1
What is the ten thousands digit of 56926?
5
What is the hundreds digit of 1431?
4
What is the tens digit of 2707?
0
What is the thousands digit of 9760?
9
What is the units digit of 8964?
4
What is the thousands digit of 4639?
4
What is the tens digit of 1644?
4
What is the units digit of 4151?
1
What is the hundreds digit of 7805?
8
What is the ten thousands digit of 38021?
3
What is the ten thousands digit of 32476?
3
What is the units digit of 22052?
2
What is the units digit of 104108?
8
What is the ten thousands digit of 10473?
1
What is the hundreds digit of 1234?
2
What is the tens digit of 1933?
3
What is the hundreds digit of 3382?
3
What is the thousands digit of 1626?
1
What is the tens digit of 30463?
6
What is the tens digit of 857?
5
What is the units digit of 758?
8
What is the tens digit of 1900?
0
What is the hundreds digit of 183?
1
What is the units digit of 1804?
4
What is the hundreds digit of 75953?
9
What is the thousands digit of 4337?
4
What is the thousands digit of 10321?
0
What is the units digit of 2964?
4
What is the hundreds digit of 45361?
3
What is the hundreds digit of 157?
1
What is the tens digit of 59?
5
What is the units digit of 356?
6
What is the units digit of 17736?
6
What is the hundred thousands digit of 182058?
1
What is the thousands digit of 9586?
9
What is the hundreds digit of 3557?
5
What is the tens digit of 105659?
5
What is the thousands digit of 1071?
1
What is the tens digit of 2342?
4
What is the units digit of 29846?
6
What is the hundreds digit of 16782?
7
What is the units digit of 88026?
6
What is the hundreds digit of 2686?
6
What is the tens digit of 1433?
3
What is the tens digit of 1481?
8
What is the thousands digit of 14377?
4
What is the tens digit of 7770?
7
What is the thousands digit of 110924?
0
What is the thousands digit of 2429?
2
What is the tens digit of 95268?
6
What is the thousands digit of 41743?
1
What is the units digit of 724?
4
What is the tens digit of 1161?
6
What is the hundreds digit of 4319?
3
What is the thousands digit of 33381?
3
What is the units digit of 963?
3
What is the ten thousands digit of 52511?
5
What is the hundreds digit of 10107?
1
What is the hundreds digit of 6086?
0
What is the tens digit of 2530?
3
What is the thousands digit of 1142?
1
What is the thousands digit of 70570?
0
What is the tens digit of 2031?
3
What is the hundred thousands digit of 136120?
1
What is the thousands digit of 16204?
6
What is the tens digit of 5443?
4
What is the hundreds digit of 639?
6
What is the hundreds digit of 44289?
2
What is the hundreds digit of 135772?
7
What is the tens digit of 43?
4
What is the hundreds digit of 1645?
6
What is the thousands digit of 7314?
7
What is the hundreds digit of 74683?
6
What is the tens digit of 1560?
6
What is the thousands digit of 8549?
8
What is the hundreds digit of 8534?
5
What is the units digit of 349?
9
What is the tens digit of 52768?
6
What is the tens digit of 3219?
1
What is the ten thousands digit of 46701?
4
What is the units digit of 72?
2
What is the hundreds digit of 28366?
3
What is the units digit of 3202?
2
What is the units digit of 7480?
0
What is the hundreds digit of 389?
3
What is the hundreds digit of 2876?
8
What is the hundreds digit of 4707?
7
What is the units digit of 36153?
3
What is the units digit of 2890?
0
What is the ten thousands digit of 25422?
2
What is the hundreds digit of 211?
2
What is the ten thousands digit of 12811?
1
What is the thousands digit of 1395?
1
What is the tens digit of 23348?
4
What is the units digit of 5958?
8
What is the ten thousands digit of 35013?
3
What is the tens digit of 44186?
8
What is the units digit of 1754?
4
What is the thousands digit of 1141?
1
What is the hundreds digit of 51156?
1
What is the thousands digit of 2813?
2
What is the hundreds digit of 692?
6
What is the ten thousands digit of 128552?
2
What is the thousands digit of 8009?
8
What is the tens digit of 1079?
7
What is the units digit of 3257?
7
What is the tens digit of 986?
8
What is the hundreds digit of 5626?
6
What is the hundreds digit of 11367?
3
What is the thousands digit of 1320?
1
What is the units digit of 666?
6
What is the thousands digit of 11467?
1
What is the thousands digit of 38895?
8
What is the tens digit of 28640?
4
What is the hundreds digit of 3759?
7
What is the hundreds digit of 10723?
7
What is the ten thousands digit of 29837?
2
What is the hundreds digit of 8027?
0
What is the hundreds digit of 16098?
0
What is the thousands digit of 10079?
0
What is the tens digit of 4646?
4
What is the tens digit of 3833?
3
What is the hundreds digit of 29458?
4
What is the 